
57
What is the remainder when 5596 is divided by 18?
16
What is the remainder when 36493 is divided by 427?
198
What is the remainder when 117966 is divided by 184?
22
Calculate the remainder when 73950 is divided by 11.
8
What is the remainder when 3521 is divided by 159?
23
What is the remainder when 21928 is divided by 23?
9
What is the remainder when 5189 is divided by 19?
2
What is the remainder when 13462 is divided by 4149?
1015
What is the remainder when 7143 is divided by 7?
3
What is the remainder when 7955 is divided by 2643?
26
What is the remainder when 139983 is divided by 14?
11
What is the remainder when 107538 is divided by 717?
705
What is the remainder when 2146 is divided by 166?
154
Calculate the remainder when 12061 is divided by 149.
141
What is the remainder when 938804 is divided by 278?
276
What is the remainder when 156049 is divided by 40?
9
Calculate the remainder when 88966 is divided by 134.
124
What is the remainder when 51314 is divided by 7324?
46
Calculate the remainder when 6024 is divided by 686.
536
Calculate the remainder when 290624 is divided by 53.
25
What is the remainder when 17665 is divided by 30?
25
Calculate the remainder when 3121 is divided by 634.
585
Calculate the remainder when 37100 is divided by 1543.
68
Calculate the remainder when 63047 is divided by 194.
191
Calculate the remainder when 8313 is divided by 8273.
40
Calculate the remainder when 486304 is divided by 228.
208
Calculate the remainder when 1006 is divided by 844.
162
Calculate the remainder when 70711 is divided by 67.
26
Calculate the remainder when 884986 is divided by 51.
34
What is the remainder when 336 is divided by 158?
20
What is the remainder when 157798 is divided by 328?
30
What is the remainder when 2978 is divided by 594?
8
Calculate the remainder when 1167 is divided by 289.
11
What is the remainder when 13545 is divided by 30?
15
Calculate the remainder when 513916 is divided by 10.
6
Calculate the remainder when 9139 is divided by 755.
79
Calculate the remainder when 24734 is divided by 8176.
206
What is the remainder when 2734 is divided by 47?
8
Calculate the remainder when 20304 is divided by 157.
51
Calculate the remainder when 150095 is divided by 299.
296
What is the remainder when 451 is divided by 7?
3
What is the remainder when 6440 is divided by 67?
8
Calculate the remainder when 30526 is divided by 212.
210
Calculate the remainder when 21876 is divided by 13.
10
Calculate the remainder when 29082 is divided by 594.
570
What is the remainder when 884 is divided by 374?
136
Calculate the remainder when 4226 is divided by 118.
96
What is the remainder when 9137 is divided by 54?
11
What is the remainder when 204649 is divided by 926?
3
Calculate the remainder when 116876 is divided by 5565.
11
Calculate the remainder when 11679 is divided by 280.
199
Calculate the remainder when 5230 is divided by 5159.
71
What is the remainder when 10111 is divided by 440?
431
Calculate the remainder when 21506 is divided by 19.
17
What is the remainder when 80271 is divided by 43?
33
Calculate the remainder when 4406529 is divided by 188.
185
What is the remainder when 1028 is divided by 78?
14
What is the remainder when 2192 is divided by 711?
59
Calculate the remainder when 30523 is divided by 569.
366
Calculate the remainder when 97330 is divided by 134.
46
What is the remainder when 27768 is divided by 124?
116
Calculate the remainder when 69043 is divided by 244.
235
Calculate the remainder when 1019 is divided by 114.
107
Calculate the remainder when 8400 is divided by 2781.
57
What is the remainder when 295175 is divided by 13?
10
Calculate the remainder when 4462 is divided by 26.
16
Calculate the remainder when 7530 is divided by 154.
138
What is the remainder when 31851 is divided by 19?
7
What is the remainder when 34208 is divided by 28?
20
Calculate the remainder when 3304 is divided by 333.
307
Calculate the remainder when 202 is divided by 26.
20
What is the remainder when 13916 is divided by 237?
170
Calculate the remainder when 20419 is divided by 6.
1
What is the remainder when 59316 is divided by 301?
19
Calculate the remainder when 377009 is divided by 28.
17
Calculate the remainder when 61153 is divided by 1149.
256
What is the remainder when 188107 is divided by 13436?
3
Calculate the remainder when 14053 is divided by 79.
70
Calculate the remainder when 66774 is divided by 9534.
36
What is the remainder when 13225 is divided by 69?
46
What is the remainder when 4871 is divided by 203?
202
Calculate the remainder when 5852 is divided by 258.
176
What is the remainder when 2077 is divided by 234?
205
Calculate the remainder when 240794 is divided by 280.
274
What is the remainder when 423806 is divided by 56?
54
Calculate the remainder when 6709 is divided by 2204.
97
Calculate the remainder when 592619 is divided by 34.
33
Calculate the remainder when 53807 is divided by 16.
15
What is the remainder when 6292 is divided by 1838?
778
Calculate the remainder when 42387 is divided by 19.
17
Calculate the remainder when 47327 is divided by 324.
23
Calculate the remainder when 27487 is divided by 77.
75
What is the remainder when 577173 is divided by 288585?
3
What is the remainder when 55287 is divided by 1?
0
What is the remainder when 6569 is divided by 920?
129
Calculate the remainder when 55378 is divided by 322.
316
What is the remainder when 514967 is divided by 10?
7
What is the remainder when 17283 is divided by 62?
47
Calculate the remainder when 16219 is divided by 411.
190
Calculate the remainder when 653 is divided by 119.
58
What is the remainder when 719 is divided by 55?
4
What is the remainder when 7373 is divided by 44?
25
Calculate the remainder when 16312 is divided by 111.
106
What is the remainder when 43670 is divided by 215?
25
What is the remainder when 11493 is divided by 156?
105
Calculate the remainder when 9821 is divided by 1205.
181
Calculate the remainder when 437412 is divided by 476.
444
What is the remainder when 7815 is divided by 43?
32
Calculate the remainder when 8964 is divided by 195.
189
What is the remainder when 11347 is divided by 378?
7
What is the remainder when 181227 is divided by 56?
11
Calculate the remainder when 39239 is divided by 200.
39
What is the remainder when 1257982 is divided by 91?
89
Calculate the remainder when 58679 is divided by 697.
131
What is the remainder when 74481 is divided by 95?
1
What is the remainder when 195 is divided by 51?
42
What is the remainder when 120632 is divided by 9279?
5
Calculate the remainder when 114770 is divided by 3020.
10
What is the remainder when 67011 is divided by 153?
150
What is the remainder when 931 is divided by 304?
19
What is the remainder when 2748 is divided by 94?
22
What is the remainder when 186611 is divided by 23?
12
What is the remainder when 133083 is divided by 231?
27
What is the remainder when 110858 is divided by 230?
228
What is the remainder when 1374 is divided by 1368?
6
Calculate the remainder when 1697083 is divided by 65.
63
What is the remainder when 11222 is divided by 11200?
22
Calculate the remainder when 1644 is divided by 1644.
0
Calculate the remainder when 21915 is divided by 91.
75
Calculate the remainder when 124411 is divided by 20.
11
What is the remainder when 3559197 is divided by 15?
12
What is the remainder when 36214 is divided by 8?
6
Calculate the remainder when 7159 is divided by 7123.
36
Calculate the remainder when 75996 is divided by 77.
74
What is the remainder when 2677433 is divided by 3?
2
Calculate the remainder when 162936 is divided by 21.
18
Calculate the remainder when 3144 is divided by 3077.
67
What is the remainder when 3686 is divided by 305?
26
Calculate the remainder when 7702 is divided by 756.
142
Calculate the remainder when 874 is divided by 183.
142
What is the remainder when 26575 is divided by 490?
115
Calculate the remainder when 1275 is divided by 1272.
3
Calculate the remainder when 10976 is divided by 1829.
2
Calculate the remainder when 49817 is divided by 31.
0
What is the remainder when 2467 is divided by 88?
3
Calculate the remainder when 53713 is divided by 13419.
37
Calculate the remainder when 393408 is divided 